s digit of 1282666?
2
What is the thousands digit of 3490323?
0
What is the tens digit of 292413?
1
What is the thousands digit of 419928?
9
What is the hundreds digit of 323087?
0
What is the ten thousands digit of 846719?
4
What is the tens digit of 337647?
4
What is the tens digit of 432871?
7
What is the millions digit of 3576837?
3
What is the hundreds digit of 62199?
1
What is the thousands digit of 25564707?
4
What is the tens digit of 6827747?
4
What is the tens digit of 59269?
6
What is the ten thousands digit of 482836?
8
What is the hundreds digit of 19381711?
7
What is the hundred thousands digit of 3621439?
6
What is the thousands digit of 827167?
7
What is the hundreds digit of 2364904?
9
What is the hundred thousands digit of 4089943?
0
What is the ten thousands digit of 614428?
1
What is the millions digit of 4386640?
4
What is the ten thousands digit of 4250326?
5
What is the thousands digit of 29237?
9
What is the hundred thousands digit of 2125687?
1
What is the ten thousands digit of 92132?
9
What is the millions digit of 3770192?
3
What is the hundred thousands digit of 298359?
2
What is the units digit of 156760?
0
What is the units digit of 2816884?
4
What is the tens digit of 101423?
2
What is the millions digit of 10649049?
0
What is the thousands digit of 14772854?
2
What is the hundreds digit of 3495229?
2
What is the hundreds digit of 299491?
4
What is the ten thousands digit of 11053194?
5
What is the tens digit of 215874?
7
What is the thousands digit of 9513793?
3
What is the thousands digit of 6298527?
8
What is the thousands digit of 243142?
3
What is the hundred thousands digit of 516768?
5
What is the ten thousands digit of 36221580?
2
What is the hundreds digit of 226975?
9
What is the hundred thousands digit of 430491?
4
What is the hundred thousands digit of 866119?
8
What is the tens digit of 333007?
0
What is the thousands digit of 492172?
2
What is the millions digit of 3396930?
3
What is the hundreds digit of 875551?
5
What is the hundreds digit of 290867?
8
What is the units digit of 301480?
0
What is the units digit of 286592?
2
What is the millions digit of 5664283?
5
What is the tens digit of 3283839?
3
What is the thousands digit of 180001?
0
What is the tens digit of 16694?
9
What is the millions digit of 1750456?
1
What is the hundreds digit of 2960649?
6
What is the ten thousands digit of 27349951?
4
What is the tens digit of 672396?
9
What is the ten thousands digit of 4633071?
3
What is the ten thousands digit of 5630976?
3
What is the tens digit of 185990?
9
What is the ten thousands digit of 229084?
2
What is the units digit of 14532750?
0
What is the thousands digit of 95602?
5
What is the tens digit of 1297172?
7
What is the ten thousands digit of 269991?
6
What is the tens digit of 44343?
4
What is the hundred thousands digit of 293148?
2
What is the thousands digit of 1237685?
7
What is the thousands digit of 39372?
9
What is the hundreds digit of 683386?
3
What is the units digit of 3625686?
6
What is the hundred thousands digit of 1137165?
1
What is the hundred thousands digit of 1381771?
3
What is the thousands digit of 270890?
0
What is the units digit of 2641580?
0
What is the tens digit of 2039536?
3
What is the ten thousands digit of 124965?
2
What is the thousands digit of 5042815?
2
What is the tens digit of 4250831?
3
What is the ten thousands digit of 30578?
3
What is the units digit of 65985?
5
What is the millions digit of 3604960?
3
What is the hundreds digit of 1983217?
2
What is the ten millions digit of 18087480?
1
What is the thousands digit of 165055?
5
What is the ten thousands digit of 195335?
9
What is the hundreds digit of 57266?
2
What is the hundreds digit of 481198?
1
What is the hundreds digit of 583257?
2
What is the hundreds digit of 971069?
0
What is the thousands digit of 466259?
6
What is the units digit of 667565?
5
What is the hundred thousands digit of 972144?
9
What is the millions digit of 3330255?
3
What is the units digit of 76623?
3
What is the ten thousands digit of 1261841?
6
What is the thousands digit of 4623974?
3
What is the thousands digit of 438676?
8
What is the tens digit of 1683042?
4
What is the ten thousands digit of 33829?
3
What is the hundred thousands digit of 422934?
4
What is the hundred thousands digit of 767355?
7
What is the ten millions digit of 31965741?
3
What is the hundred thousands digit of 573354?
5
What is the hundreds digit of 5634940?
9
What is the units digit of 73189?
9
What is the hundreds digit of 14361719?
7
What is the hundred thousands digit of 29302163?
3
What is the units digit of 228774?
4
What is the millions digit of 1081785?
1
What is the millions digit of 1080635?
1
What is the units digit of 23021108?
8
What is the hundred thousands digit of 565546?
5
What is the ten thousands digit of 39603?
3
What is the units digit of 809485?
5
What is the units digit of 676012?
2
What is the thousands digit of 1728730?
8
What is the thousands digit of 930866?
0
What is the thousands digit of 8547584?
7
What is the hundred thousands digit of 128143?
1
What is the thousands digit of 18486249?
6
What is the thousands digit of 4921274?
1
What is the thousands digit of 1702601?
2
What is the units digit of 125529?
9
What is the hundreds digit of 368719?
7
What is the tens digit of 2183106?
0
What is the hundred thousands digit of 1580445?
5
What is the hundreds digit of 188846?
8
What is the tens digit of 3467760?
6
What is the thousands digit of 32317152?
7
What is the units digit of 656544?
4
What is the units digit of 14920217?
7
What is the hundred thousands digit of 9835181?
8
What is the hundreds digit of 1057103?
1
What is the ten thousands digit of 7662180?
6
What is the millions digit of 6081556?
6
What is the hundred thousands digit of 2436336?
4
What is the hundreds digit of 149553?
5
What is the units digit of 100809?
9
What is the ten thousands digit of 392897?
9
What is the tens digit of 11819?
1
What is the millions digit of 8720123?
8
What is the hundreds digit of 615585?
5
What is the hundreds digit of 1084377?
3
What is the tens digit of 1582378?
7
What is the hundred thousands digit of 482320?
4
What is the hundreds digit of 177571?
5
What is the millions digit of 28940485?
8
What is the units digit of 333321?
1
What is the thousands digit of 2865154?
5
What is the hundred thousands digit of 941831?
9
What is the hundred thousands digit of 149757?
1
What is the units digit of 455521?
1
What is the ten thousands digit of 160732?
6
What is the tens digit of 942442?
4
What is the units digit of 6977594?
4
What is the tens digit of 576554?
5
What is the ten millions digit of 10938333?
1
What is the thousands digit of 4745845?
5
What is the millions digit of 3223539?
3
What is the hundred thousands digit of 1478425?
4
What is the hundred thousands digit of 28072176?
0
What is the tens digit of 347919?
1
What is the millions digit of 7109017?
7
What is the hundred thousands digit of 23901703?
9
What is the ten thousands digit of 720715?
2
What is the units digit of 1233625?
5
What is the ten thousands digit of 155361?
5
What is the tens digit of 5283331?
3
What is the hundred thousands digit of 16728487?
7
What is the ten thousands digit of 450112?
5
What is the thousands digit of 11754050?
4
What is the thousands digit of 28412147?
2
What is the tens digit of 224287?
8
What is the hundred thousands digit of 531787?
5
What is the ten thousands digit of 6339043?
3
What is the units digit of 1990090?
0
What is the units digit of 6613269?
9
What is the hundreds digit of 248410?
4
What is the hundreds digit of 3787204?
2
What is the thousands digit of 3562522?
2
What is the units digit of 652285?
5
What is the thousands digit of 7770052?
0
What is the ten thousands digit of 23648179?
4
What is the hundreds digit of 613395?
3
What is the hundreds digit of 713741?
7
What is the tens digit of 86910?
1
What is the tens digit of 479001?
0
What is the hundred thousands digit of 479602?
4
What is the units digit of 134885?
5
What is the hundred thousands digit of 945522?
9
What is the hundreds digit of 8184367?
3
What is the thousands digit of 3567904?
7
What is the ten thousands digit of 452758?
5
What is the h